culate the highest common divisor of 18 and b.
18
Let d = 14 - 10. Suppose -d*q + 9*q - 240 = 0. What is the greatest common factor of q and 6?
6
Suppose -5*w = -1 - 39. Let l be 1/1 - 3 - -11. Let i = l + -1. What is the greatest common factor of i and w?
8
Suppose 2*p = -z - 11, -3*p = -p + 4*z + 8. Let s be (p/(0 - 1))/2. Calculate the highest common factor of s and 12.
3
Suppose -v = 2*v - 30. What is the greatest common factor of 30 and v?
10
Let a(r) = r**3 + 3*r**2 - 6*r - 5. Let y be a(-4). Suppose 0*h + 294 = y*h. What is the highest common divisor of 14 and h?
14
Let f = -40 + 79. Let h = f + -23. Suppose -a + 4*q - q + 15 = 0, 0 = -4*q - h. Calculate the greatest common divisor of 3 and a.
3
Let l = -3 - -5. Let z = -11 - -15. Suppose -3*o + 5*n + 73 = 0, 0 + z = -o - 4*n. Calculate the highest common factor of o and l.
2
Suppose 20 - 8 = -3*u. Let y(x) = x**3 + 4*x**2 - 3*x - 5. Let a be y(u). What is the greatest common divisor of a and 42?
7
Suppose 0 = 8*d - 6*d - 180. Let p(x) = 9*x + 1. Let a be p(3). Let i = a - -8. What is the greatest common factor of d and i?
18
Let f = 175 - 81. Let s = -64 + f. What is the greatest common factor of s and 75?
15
Suppose 4*u = 3*u + 12. What is the highest common divisor of u and 3?
3
Let o(y) = -2*y**3 - 6*y**2 - y - 3. Let l = -9 + 5. Let i be o(l). What is the greatest common factor of 11 and i?
11
Let k be (-40)/(-2 + 3 + -2). Let m be 2 + -1 + -1*4. Let i = 8 + m. Calculate the greatest common factor of k and i.
5
Let z = -5 - -8. Let t(h) = -h + 5. Let r be t(z). Suppose w = -2, 2*s - 3*w - 30 = r*w. What is the highest common divisor of 10 and s?
10
Let u be 1*-21*(-1)/3. What is the greatest common divisor of 63 and u?
7
Let t be (14/(-21))/(4/(-210)). Let k = t - 68. Let m be ((-1)/1)/(3/k). Calculate the highest common divisor of m and 1.
1
Let s = -2 + 4. Suppose 2*q - g - 307 = -s*q, 2*g = 5*q - 386. What is the greatest common factor of 19 and q?
19
Suppose -8 = -0*g - 2*g - 2*v, 5*v = g - 4. Suppose -g*h + 19 + 61 = 0. Suppose 2*s - h = -3*s. Calculate the greatest common divisor of 1 and s.
1
Suppose 0 = -s - 1 + 17. What is the greatest common factor of s and 40?
8
Suppose 0*s = -4*p + 5*s + 56, 3*p - 3*s = 39. What is the highest common factor of p and 1?
1
Suppose 4*o - j + 1 = 0, -2*o = -5*o + 3*j - 3. Suppose o = -3*m + 52 + 56. What is the highest common factor of 9 and m?
9
Let k = 17 + -8. Calculate the greatest common factor of k and 54.
9
Suppose -2*p - 2*p - 4 = 0, p + 51 = 2*z. Let k = z - 6. What is the greatest common factor of k and 133?
19
Suppose 3 = 3*l, 4*l = -3*i - 0*l + 16. Let b be (21/2)/((-3)/i). Let t be ((-1)/(-1))/((-2)/b). Calculate the highest common divisor of t and 63.
7
Let n(k) = -3*k + 4*k - 7 + 8. Let j be n(2). Let u be (-1 - 0)/(1/(-21)). What is the greatest common divisor of u and j?
3
Let m = 25 - -15. Calculate the greatest common divisor of m and 5.
5
Suppose 2*q = z - 6, 4*q = -z - 4*z + 2. Suppose -z*g + p + 24 = -0, 2*g - 3*p - 32 = 0. Calculate the greatest common factor of g and 2.
2
Suppose 5*c - 505 = 5*v, 0*v + 15 = 5*v. What is the highest common factor of 13 and c?
13
Let q be (-3 + 2)/(-1)*(25 - 0). Calculate the greatest common divisor of 25 and q.
25
Suppose -x = -j + 5, -5*j + 2*x + 9 = 5*x. Suppose j*r + 6 = 4*f - f, -22 = -f - 3*r. Calculate the highest common factor of 14 and f.
7
Let d(t) = -7*t**2 - 12*t + 9. Let k(q) = -8*q**2 - 11*q + 8. Let b(a) = 7*d(a) - 6*k(a). Let l be b(-13). Calculate the highest common factor of l and 10.
10
Let l be (1 + 3/(-9))*159. Let m be (l/4)/((-4)/(-8)). Let f = -27 + m. Calculate the highest common divisor of 13 and f.
13
Suppose -5*h + 4*w = -142, -h - 3*w + 7*w = -22. Let o be (-153)/(-12) + (-6)/8. Calculate the greatest common factor of h and o.
6
Suppose 7 = 2*l - 19. Calculate the highest common divisor of 13 and l.
13
Suppose 0 = -2*z + 3*z - 57. What is the greatest common factor of z and 38?
19
Let u(n) = 5*n**2 + 3*n. Let x be (-1 - (3 + -3))*-3. Let d be u(x). Suppose -3*l = 5*v - d, l = -2*l - 2*v + 54. What is the highest common factor of l and 12?
6
Suppose -u = -2*l + 16, 5*l = 5*u - 4*u + 31. Let m be (u/4)/((-2)/4). Calculate the greatest common divisor of 33 and m.
3
Let v be ((-1)/2)/((-7)/2 - -3). What is the highest common factor of v and 11?
1
Let u(x) = -x + 1. Let d(c) = 9*c + 7. Let v(h) = -d(h) - u(h). Let p be v(-6). What is the highest common factor of p and 5?
5
Let f = 27 + -27. Let o(m) = -m**2 + m + 51. Let g be o(f). What is the highest common divisor of g and 17?
17
Suppose -2*d + d + 2 = 0. Suppose -5*f - q = -6, 3*f - d*q + 2 = 3. Suppose 1 - 3 = -2*z. What is the greatest common divisor of z and f?
1
Let s be (-2)/(-1 - (-3)/4). Let i = -52 + 57. Suppose h = s + i. Calculate the highest common divisor of h and 52.
13
Let r = -20 + 38. Suppose 2*t - 5*t + r = -3*o, 2*t + 30 = -5*o. Let k be ((-27)/12)/(o/16). What is the greatest common divisor of 66 and k?
6
Suppose 6*z - 477 - 603 = 0. Calculate the greatest common divisor of 36 and z.
36
Let t be ((-28)/(-5))/((-1)/(-5)). Let u = t + 5. Suppose 0 = -2*h - h + u. What is the highest common divisor of h and 77?
11
Let h = 46 - 7. Calculate the highest common divisor of 26 and h.
13
Let q(a) = 3*a**2 - 5*a + 12. Let i be q(3). Calculate the highest common factor of i and 168.
24
Let d(a) = a**2 + 2*a + 2. Let w = 5 - 7. Let f be d(w). What is the highest common divisor of f and 2?
2
Let t = -5 - -7. Suppose -5*n - 95 = -2*o, -t*o - 42 = -4*n - 142. What is the greatest common divisor of 15 and o?
15
Suppose 2*z = -1 + 5. Let p be (48/(-21) - -2) + (-8)/(-28). Suppose -5*m = 4*s - 22, p = 5*m - z*s + s - 7. What is the greatest common factor of 18 and m?
2
Suppose -49 = -n - 16. Let l(h) = 3*h**2 + 140*h - 36. Let j be l(-47). Calculate the highest common factor of n and j.
11
Suppose -3*j = -0*j - 87. Calculate the highest common factor of 29 and j.
29
Suppose u - 23 = 43. Let s(t) = -t**3 - 4*t**2 + 4*t + 1. Let a be s(-5). Calculate the highest common divisor of u and a.
6
Let i be (2 + -4)*7/(-2). Suppose -4*g - 32 = -368. Let d = g - 56. Calculate the greatest common divisor of d and i.
7
Suppose -3*o + 2 = -o. Let d be (o + -163)*(-12)/9. Calculate the highest common divisor of 24 and d.
24
Suppose -4*m - 4 = -5*l, -2*m - 2*l - 5 = 3*m. Let f be (m - (-3 + -21)) + -3. Calculate the highest common divisor of f and 30.
10
Let c be 3/(-6)*2*-85. Let t be (-3*42)/3*1. Let s = t - -59. Calculate the highest common factor of c and s.
17
Let z be 287/7 + 1 + -3 + 1. What is the highest common factor of 280 and z?
40
Let z(k) = 2*k**3 + k**2 + 4*k - 3. Let v be z(2). Suppose 7*a - 30 = 5. Calculate the greatest common factor of a and v.
5
Suppose -2*v = -8, v + 15 = r + 2*v. What is the greatest common divisor of r and 121?
11
Let f be 696/16*(3 - 1). What is the highest common divisor of 58 and f?
29
Let s = -26 + 36. What is the highest common factor of 10 and s?
10
Suppose 0*a + 3*a = 60. Let i(o) = -o**2 + 8*o - 11. Let v be i(5). What is the highest common divisor of v and a?
4
Let l be (2 - (11 - 0))*-1. Let h = 15 - l. Calculate the highest common factor of h and 54.
6
Suppose 0 = 2*y + 2*y - 72. Let c = y + 7. What is the highest common divisor of c and 5?
5
Let h(k) = 4*k - 7. Let f be h(3). Calculate the greatest common factor of f and 3.
1
Suppose 52 = -a + 5*a. Suppose 0 = -4*g - g + 4*z + 719, z = -2*g + 285. Calculate the highest common factor of a and g.
13
Let i(y) be the second derivative of -3*y**5/5 - y**4/12 + y**2/2 + 3*y. Let m be i(-1). What is the greatest common factor of 132 and m?
12
Let d = 4 - 3. Suppose -2*y + 4*i + 46 = 0, 3*y + 4*i - 32 = -y. Let w = y - 4. What is the greatest common divisor of d and w?
1
Suppose -2*b + 6 + 8 = -4*l, 0 = -b - 4*l + 1. Suppose 2*p - 7 = 3. What is the highest common factor of b and p?
5
Let t = -7 + 1. Let m be 45/t*(-4)/5. What is the greatest common divisor of 54 and m?
6
Let u(a) = a**3 + 6*a**2 + 2*a. Let j be u(-4). What is the greatest common divisor of 3 and j?
3
Suppose 0 = 5*g - 5, 7 = v - 4*g - 0. Calculate the greatest common factor of v and 77.
11
Suppose 465 - 57 = 3*l. Let u be 15/(-5)*(0 - 1). Let z = 20 - u. Cal